se 11) to base 2
-111
Convert 4 (base 10) to base 16.
4
-20 (base 12) to base 3
-220
Convert 14 (base 11) to base 6.
23
-2 (base 13) to base 12
-2
What is 48 (base 13) in base 5?
220
Convert -3 (base 13) to base 6.
-3
-102 (base 10) to base 5
-402
-6 (base 12) to base 8
-6
What is 6 (base 14) in base 13?
6
What is -1 (base 4) in base 14?
-1
What is -8 (base 14) in base 9?
-8
64 (base 7) to base 6
114
What is -30 (base 4) in base 8?
-14
Convert c (base 13) to base 2.
1100
What is -56 (base 10) in base 8?
-70
-16 (base 10) to base 12
-14
Convert 39 (base 15) to base 3.
2000
-10 (base 7) to base 15
-7
Convert -4 (base 6) to base 4.
-10
Convert 12021 (base 3) to base 4.
2032
What is 75 (base 9) in base 13?
53
Convert 42 (base 9) to base 13.
2c
What is -74 (base 11) in base 8?
-121
What is 0 (base 3) in base 9?
0
Convert -132 (base 5) to base 6.
-110
-1 (base 16) to base 6
-1
Convert -80 (base 12) to base 11.
-88
-42 (base 16) to base 15
-46
What is -10010 (base 2) in base 6?
-30
Convert 1 (base 16) to base 2.
1
Convert 12201 (base 3) to base 13.
bb
Convert -19 (base 10) to base 3.
-201
Convert -81 (base 15) to base 4.
-1321
-7 (base 14) to base 7
-10
What is -421 (base 5) in base 7?
-216
What is 22 (base 16) in base 6?
54
-28 (base 10) to base 3
-1001
What is -2 (base 12) in base 8?
-2
11 (base 5) to base 8
6
What is -23 (base 11) in base 10?
-25
What is -53 (base 8) in base 5?
-133
Convert 0 (base 8) to base 15.
0
Convert -2 (base 15) to base 3.
-2
What is 10 (base 15) in base 4?
33
12 (base 3) to base 8
5
13 (base 4) to base 8
7
What is -10023 (base 4) in base 12?
-1a3
What is -12 (base 14) in base 5?
-31
What is 1120 (base 4) in base 15?
5d
What is 3f (base 16) in base 8?
77
-3 (base 8) to base 14
-3
-432 (base 7) to base 12
-163
Convert b (base 15) to base 13.
b
Convert 1 (base 6) to base 2.
1
What is 8 (base 11) in base 8?
10
What is -31 (base 8) in base 3?
-221
-5 (base 6) to base 9
-5
Convert 0 (base 16) to base 3.
0
What is 26 (base 15) in base 2?
100100
What is 11113 (base 4) in base 11?
292
Convert -3 (base 15) to base 7.
-3
What is 2 (base 16) in base 5?
2
Convert 2 (base 10) to base 4.
2
What is -5 (base 6) in base 13?
-5
-1001010 (base 2) to base 15
-4e
What is 12 (base 15) in base 12?
15
What is -123 (base 11) in base 15?
-9b
-17a (base 12) to base 15
-10d
What is -1 (base 5) in base 12?
-1
What is 2 (base 14) in base 6?
2
3 (base 7) to base 16
3
35 (base 16) to base 8
65
3b (base 15) to base 4
320
What is -22 (base 8) in base 9?
-20
-2 (base 4) to base 3
-2
Convert -4 (base 14) to base 10.
-4
Convert 93 (base 15) to base 6.
350
-21 (base 6) to base 3
-111
Convert 11 (base 7) to base 2.
1000
What is 2c (base 16) in base 11?
40
86 (base 9) to base 15
53
0 (base 9) to base 12
0
Convert -84 (base 16) to base 3.
-11220
Convert 150 (base 6) to base 4.
1002
What is -1 (base 11) in base 3?
-1
-29 (base 14) to base 2
-100101
-2 (base 6) to base 2
-10
Convert -e (base 16) to base 11.
-13
Convert -4 (base 10) to base 6.
-4
Convert -10011 (base 2) to base 16.
-13
Convert -1111100 (base 2) to base 8.
-174
Convert 3 (base 13) to base 3.
10
What is -15 (base 8) in base 10?
-13
Convert -3 (base 14) to base 10.
-3
-2 (base 4) to base 11
-2
What is -110 (base 2) in base 4?
-12
Convert -34 (base 10) to base 6.
-54
Convert 2 (base 8) to base 16.
2
Convert 231 (base 12) to base 2.
101000101
Convert 11 (base 16) to base 3.
122
Convert -107 (base 9) to base 15.
-5d
What is 102 (base 4) in base 9?
20
Convert -22 (base 7) to base 13.
-13
Convert 1 (base 2) to base 6.
1
Convert 3 (base 13) to base 11.
3
What is -4 (base 11) in base 10?
-4
Convert 27 (base 12) to base 6.
51
What is 10 (base 4) in base 2?
100
31 (base 12) to base 9
41
Convert -1 (base 2) to base 14.
-1
e (base 16) to base 7
20
Convert 0 (base 8) to base 11.
0
What is -3b (base 15) in base 16?
-38
12200 (base 3) to base 16
99
Convert 3 (base 10) to base 16.
3
Convert 0 (base 7) to base 10.
0
What is -1041 (base 7) in base 16?
-174
What is -1 (base 7) in base 4?
-1
1100 (base 2) to base 3
110
-2 (base 5) to base 15
-2
What is 5 (base 16) in base 2?
101
Convert -11 (base 2) to base 11.
-3
0 (base 9) to base 14
0
Convert 1011 (base 2) to base 15.
b
-113 (base 7) to base 6
-135
Convert 96 (base 11) to base 13.
81
Convert 0 (base 8) to base 9.
0
Convert 3 (base 11) to base 9.
3
1 (base 7) to base 2
1
12 (base 4) to base 12
6
-a3 (base 11) to base 7
-221
What is 0 (base 7) in base 12?
0
Convert -1 (base 3) to base 7.
-1
What is -3111 (base 4) in base 5?
-1323
What is -22 (base 7) in base 5?
-31
-2 (base 11) to base 13
-2
What is 48 (base 11) in base 7?
103
Convert -13 (base 7) to base 6.
-14
What is -2 (base 10) in base 6?
-2
Convert a (base 16) to base 11.
a
What is 3 (base 8) in base 2?
11
Convert -5d (base 14) to base 16.
-53
Convert -4 (base 6) to base 2.
-100
-652 (base 8) to base 5
-3201
Convert 26 (base 8) to base 2.
10110
Convert -42 (base 11) to base 10.
-46
-1a (base 14) to base 12
-20
Convert -5 (base 8) to base 9.
-5
-86 (base 13) to base 12
-92
-22 (base 12) to base 9
-28
What is 22 (base 3) in base 4?
20
-18 (base 15) to base 3
-212
What is -4 (base 15) in base 12?
-4
What is -8 (base 14) in base 5?
-13
6b (base 12) to base 8
123
Convert 3a (base 12) to base 4.
232
0 (base 15) to base 16
0
What is 54 (base 8) in base 5?
134
-299 (base 10) to base 4
-10223
12002 (base 3) to base 13
a7
What is 28 (base 15) in base 3?
1102
Convert 1112 (base 3) to base 14.
2d
-13 (base 13) to base 16
-10
86 (base 10) to base 2
1010110
Convert 111 (base 5) to base 10.
31
-1010 (base 2) to base 7
-13
4 (base 7) to base 11
4
Convert 2 (base 10) to base 14.
2
Convert -213 (base 5) to base 7.
-112
What is 0 (base 2) in base 6?
0
-158 (base 15) to base 6
-1232
3 (base 11) to base 9
3
What is -1001 (base 4) in base 16?
-41
Convert 2 (base 7) to base 4.
2
What is -7 (base 15) in base 4?
-13
Convert -c (base 14) to base 9.
-13
What is 2 (base 11) in base 5?
2
-30 (base 7) to base 15
-16
-122 (base 5) to base 13
-2b
Convert -30 (base 4) to base 13.
-c
Convert 1 (base 4) to base 10.
1
135 (base 7) to base 16
4b
Convert -2111 (base 4) to base 12.
-105
What is 11010 (base 2) in base 11?
24
1 (base 14) to base 11
1
What is 3 (base 6) in base 7?
3
What is 2 (base 13) in base 4?
2
-11 (base 2) to base 16
-3
-19 (base 12) to base 16
-15
-3 (base 5) to base 11
-3
1000 (base 7) to base 3
110201
-113 (base 6) to base 2
-101101
Convert -38 (base 11) to base 10.
-41
7 (base 11) to base 10
7
Convert -33 (base 7) to base 9.
-26
2 (base 10) to base 2
10
What is -1 (base 13) in base 6?
-1
What is -6 (base 7) in base 9?
-6
Convert 154 (base 8) to base 4.
1230
Convert -3 (base 9) to base 14.
-3
What is 2 (base 7) in base 8?
2
Convert 210 (base 3) to base 5.
41
Convert -44 (base 11) to base 2.
-110000
What is 26 (base 9) in base 3?
220
What is -8 (base 16) in base 3?
-22
Convert -102212 (base 3) to base 9.
-385
210 (base 10) to base 11
181
Convert -3 (base 10) to base 11.
-3
What is -1 (base 10) in base 12?
-1
-51 (base 10) to base 8
-63
-17 (base 8) to base 14
-11
-466 (base 7) to base 16
-f4
What is -11 (base 4) in base 15?
-5
Convert 2d (base 15) to base 10.
43
-28 (base 10) to base 2
-11100
Convert 0 (base 10) to base 15.
0
Convert 110 (base 2) to base 4.
12
-2c (base 15) to base 3
-1120
Convert -13 (base 14) to base 5.
-32
-3 (base 12) to base 2
-11
-42 (base 5) to base 6
-34
5 (base 13) to base 5
10
What is 52 (base 10) in base 12?
44
194 (base 11) to base 3
22022
12 (base 11) to base 12
11
Convert 0 (base 6) to base 15.
0
-20 (base 5) to base 10
-10
What is 2001 (base 3) in base 5?
210
Convert -1 (base 3) to base 2.
-1
-1100 (base 5) to base 4
-2112
What is -195 (base 12) in base 10?
-257
Convert -16 (base 9) to base 16.
-f
Convert -122 (base 4) to base 9.
-28
a (base 16) to base 13
a
What is -6 (base 9) in base 11?
-6
-34 (base 9) to base 2
-11111
-94 (base 10) to base 11
-86
What is -100 (base 12) in base 3?
-12100
What is -3 (base 9) in base 3?
-10
14 (base 9) to base 6
21
Convert 12210 (base 3) to base 16.
9c
32 (base 16) to base 6
122
What is -259 (base 10) in base 5?
-2014
What is 10101000 (base 2) in base 9?
206
Convert 3 (base 10) to base 14.
3
255 (base 6) to base 16
6b
0 (base 13) to base 9
0
Convert 12 (base 7) 